emainder when 3668523 is divided by 1007.
22
Calculate the remainder when 232190536 is divided by 2254277.
5
What is the remainder when 118231 is divided by 1102?
317
What is the remainder when 26840 is divided by 222?
200
What is the remainder when 16230161 is divided by 169064?
17
What is the remainder when 755368 is divided by 1918?
1594
Calculate the remainder when 137277 is divided by 68372.
533
Calculate the remainder when 4477713 is divided by 29076.
9
What is the remainder when 18827510 is divided by 4551?
23
What is the remainder when 2369845 is divided by 7572?
7381
What is the remainder when 259279 is divided by 129072?
1135
Calculate the remainder when 10600440 is divided by 46.
16
Calculate the remainder when 693155 is divided by 1033.
12
Calculate the remainder when 273376145 is divided by 669.
668
What is the remainder when 16929884 is divided by 4467?
4421
Calculate the remainder when 1506194 is divided by 397.
373
What is the remainder when 226937049 is divided by 75645683?
0
What is the remainder when 50663830 is divided by 85?
5
What is the remainder when 1520592 is divided by 229?
32
Calculate the remainder when 1842786 is divided by 46.
26
Calculate the remainder when 3313890 is divided by 620.
610
Calculate the remainder when 114515 is divided by 4055.
975
What is the remainder when 11003226 is divided by 83?
82
What is the remainder when 110902 is divided by 1986?
1672
Calculate the remainder when 1272689 is divided by 8106.
47
What is the remainder when 3481261 is divided by 290102?
37
Calculate the remainder when 40898298 is divided by 62.
60
Calculate the remainder when 3216478 is divided by 10.
8
Calculate the remainder when 13061759 is divided by 9.
5
What is the remainder when 8310830 is divided by 99?
77
Calculate the remainder when 5993776 is divided by 798.
796
Calculate the remainder when 10763885 is divided by 756.
713
What is the remainder when 234798 is divided by 2420?
58
What is the remainder when 55079 is divided by 299?
63
Calculate the remainder when 86250 is divided by 9558.
228
Calculate the remainder when 13913724 is divided by 9716.
412
Calculate the remainder when 23750 is divided by 11729.
292
Calculate the remainder when 216031 is divided by 13498.
63
Calculate the remainder when 2233827 is divided by 149.
19
What is the remainder when 215190028 is divided by 2941?
2940
Calculate the remainder when 3722 is divided by 1599.
524
What is the remainder when 739426796 is divided by 21?
17
What is the remainder when 55477 is divided by 3457?
165
What is the remainder when 208736 is divided by 199639?
9097
Calculate the remainder when 91646614 is divided by 49.
3
What is the remainder when 466425 is divided by 469?
239
Calculate the remainder when 1374939 is divided by 868.
27
What is the remainder when 15012606 is divided by 619?
618
What is the remainder when 14126 is divided by 6788?
550
Calculate the remainder when 332363 is divided by 23724.
227
Calculate the remainder when 172618040 is divided by 86309012.
16
Calculate the remainder when 42353655 is divided by 66.
3
Calculate the remainder when 5261009 is divided by 8842.
19
Calculate the remainder when 4178650 is divided by 1406.
18
What is the remainder when 1937245 is divided by 24?
13
What is the remainder when 691609 is divided by 3309?
28
What is the remainder when 48403204 is divided by 201?
193
What is the remainder when 69475 is divided by 249?
4
What is the remainder when 57388 is divided by 1961?
519
Calculate the remainder when 17150 is divided by 7209.
2732
What is the remainder when 135763 is divided by 750?
13
Calculate the remainder when 90965 is divided by 1541.
46
Calculate the remainder when 930167 is divided by 3524.
3355
Calculate the remainder when 6993176 is divided by 537.
362
Calculate the remainder when 338003 is divided by 10.
3
Calculate the remainder when 7862920 is divided by 1577.
1575
What is the remainder when 23528795 is divided by 153?
149
Calculate the remainder when 29108474 is divided by 3153.
3131
Calculate the remainder when 81782 is divided by 3213.
1457
Calculate the remainder when 5530729 is divided by 949.
906
Calculate the remainder when 783290 is divided by 63.
11
Calculate the remainder when 71794 is divided by 2618.
1108
What is the remainder when 358067144 is divided by 123?
122
Calculate the remainder when 6043239 is divided by 1510800.
39
What is the remainder when 126070738 is divided by 367?
366
What is the remainder when 4635273 is divided by 142?
109
What is the remainder when 615925 is divided by 3294?
3241
What is the remainder when 145228546 is divided by 2072?
2066
Calculate the remainder when 71230 is divided by 2704.
926
Calculate the remainder when 133803 is divided by 942.
39
Calculate the remainder when 9035 is divided by 1983.
1103
What is the remainder when 34221 is divided by 3358?
641
Calculate the remainder when 3101043 is divided by 3100779.
264
What is the remainder when 101869159 is divided by 16?
7
What is the remainder when 227367 is divided by 113662?
43
Calculate the remainder when 2089311 is divided by 63311.
48
What is the remainder when 23689091 is divided by 733?
730
What is the remainder when 112500 is divided by 1311?
1065
Calculate the remainder when 3301771 is divided by 1072.
11
Calculate the remainder when 57613433 is divided by 1661.
1648
Calculate the remainder when 586855 is divided by 34519.
32
What is the remainder when 1572751 is divided by 107?
65
Calculate the remainder when 12854274 is divided by 2482.
2478
What is the remainder when 1163993 is divided by 201?
2
Calculate the remainder when 67330 is divided by 491.
63
Calculate the remainder when 8905062 is divided by 2968352.
6
Calculate the remainder when 757007 is divided by 724.
427
Calculate the remainder when 5396145 is divided by 2.
1
Calculate the remainder when 1476638 is divided by 492180.
98
Calculate the remainder when 59792 is divided by 9942.
140
What is the remainder when 28655526 is divided by 279?
273
What is the remainder when 20269 is divided by 3632?
2109
Calculate the remainder when 21808523 is divided by 113586.
11
Calculate the remainder when 5741576 is divided by 1435392.
8
Calculate the remainder when 1805888 is divided by 18427.
42
Calculate the remainder when 62853 is divided by 1203.
297
What is the remainder when 7090125 is divided by 4598?
9
What is the remainder when 255095548 is divided by 150?
148
Calculate the remainder when 2239779 is divided by 16968.
3
What is the remainder when 538044 is divided by 1507?
45
Calculate the remainder when 812412 is divided by 34.
16
Calculate the remainder when 112530 is divided by 27515.
2470
What is the remainder when 298082 is divided by 298026?
56
Calculate the remainder when 48502130 is divided by 38.
32
Calculate the remainder when 1680618 is divided by 396.
390
Calculate the remainder when 3533826 is divided by 88345.
26
What is the remainder when 20197 is divided by 10096?
5
Calculate the remainder when 16016009 is divided by 403.
386
Calculate the remainder when 6263149 is divided by 5272.
13
Calculate the remainder when 57386 is divided by 787.
722
What is the remainder when 610891 is divided by 947?
76
Calculate the remainder when 15251075 is divided by 4971.
47
Calculate the remainder when 1707293 is divided by 1175.
18
What is the remainder when 366778 is divided by 2878?
1272
Calculate the remainder when 1021136 is divided by 507.
38
Calculate the remainder when 14023129 is divided by 2761.
10
Calculate the remainder when 275749786 is divided by 14200.
14186
Calculate the remainder when 186189 is divided by 791.
304
What is the remainder when 216464296 is divided by 5033?
5032
What is the remainder when 30434655 is divided by 869560?
55
What is the remainder when 10165633 is divided by 18?
7
Calculate the remainder when 25869 is divided by 3333.
2538
What is the remainder when 374234 is divided by 4860?
14
What is the remainder when 782202 is divided by 172?
118
What is the remainder when 4046469 is divided by 56991?
108
Calculate the remainder when 777584 is divided by 258993.
605
What is the remainder when 472549 is divided by 8147?
23
Calculate the remainder when 192730 is divided by 3270.
3070
What is the remainde